8148651.
1051
Calculate the highest common divisor of 1852 and 79363756.
1852
Calculate the greatest common divisor of 15232 and 4572864.
1088
What is the greatest common factor of 572 and 41646319?
143
What is the greatest common divisor of 121035050 and 50?
50
What is the greatest common factor of 345591 and 2654433?
7353
Calculate the greatest common divisor of 9386308 and 148.
148
What is the highest common divisor of 3018590 and 910?
10
Calculate the highest common divisor of 13796246 and 13973.
89
Calculate the highest common divisor of 213972589 and 83.
83
Calculate the highest common divisor of 16 and 4277216.
16
Calculate the greatest common divisor of 179499 and 561.
3
What is the greatest common divisor of 79253358 and 4542?
4542
What is the greatest common divisor of 3165246 and 77?
7
What is the greatest common factor of 15621685 and 1290?
215
What is the greatest common factor of 27 and 328248117?
9
What is the greatest common divisor of 130 and 730390?
10
Calculate the greatest common factor of 48 and 11651344.
16
Calculate the greatest common divisor of 8139928 and 264.
8
Calculate the highest common divisor of 48568 and 10608.
104
What is the greatest common factor of 465673 and 8814?
1469
Calculate the greatest common factor of 6210 and 23347530.
2070
Calculate the greatest common divisor of 448 and 12361930.
14
Calculate the highest common factor of 27 and 71797569.
3
Calculate the highest common divisor of 236957 and 166327.
7
What is the highest common divisor of 3340980 and 1196?
92
What is the greatest common divisor of 17630 and 3470?
10
Calculate the greatest common divisor of 5201573 and 988.
247
Calculate the greatest common factor of 4858690 and 8445.
2815
What is the greatest common divisor of 8839494 and 72?
18
Calculate the greatest common divisor of 45015 and 2010.
15
Calculate the highest common divisor of 1137306 and 1507713.
5217
What is the highest common factor of 1558 and 2222979?
41
Calculate the highest common divisor of 2530 and 5616050.
110
What is the greatest common divisor of 4883 and 9709969?
19
Calculate the greatest common factor of 681 and 1367109.
3
Calculate the greatest common factor of 134983 and 7086087.
347
What is the highest common divisor of 2074043437 and 14043?
4681
Calculate the highest common factor of 125413 and 684483.
1511
What is the greatest common factor of 8248675 and 125?
25
What is the highest common factor of 232 and 61633294?
58
What is the highest common factor of 107642 and 45582?
214
What is the greatest common factor of 1694 and 35922194?
154
What is the highest common divisor of 729 and 32744493?
729
Calculate the highest common factor of 10273474 and 731.
731
What is the greatest common divisor of 612766 and 173558?
3542
What is the greatest common factor of 2631264 and 348?
12
Calculate the highest common divisor of 28 and 827822.
2
What is the highest common divisor of 125756 and 20564?
4
Calculate the greatest common factor of 69755 and 132845.
5
Calculate the highest common divisor of 2066740 and 2210.
130
Calculate the greatest common factor of 34002292 and 4.
4
Calculate the highest common divisor of 96480 and 465840.
720
What is the highest common factor of 6441180 and 1200?
60
Calculate the greatest common divisor of 78996330 and 574.
14
What is the greatest common factor of 815611703 and 5695?
1139
Calculate the greatest common factor of 4581640 and 1400.
280
What is the highest common factor of 22 and 110077?
11
Calculate the greatest common factor of 1363768 and 24424.
568
What is the greatest common factor of 7506010 and 3906770?
11390
What is the greatest common factor of 5749711 and 2107501?
3113
What is the greatest common factor of 22713 and 9850662?
339
What is the highest common divisor of 2920 and 24055?
5
Calculate the highest common divisor of 148 and 49923360.
148
Calculate the greatest common divisor of 1003 and 34051.
17
What is the greatest common divisor of 139218282 and 2394?
2394
Calculate the highest common divisor of 2894 and 40026914.
2894
Calculate the highest common divisor of 240108 and 862.
2
Calculate the highest common factor of 1299880 and 19580.
20
Calculate the greatest common factor of 3555160 and 413.
7
Calculate the highest common factor of 6 and 527608.
2
What is the highest common divisor of 18868 and 15847?
53
Calculate the highest common factor of 12096 and 7674.
6
Calculate the greatest common factor of 44937 and 529371.
9
What is the highest common factor of 135959878 and 24736?
1546
Calculate the greatest common divisor of 7 and 978086.
1
Calculate the greatest common factor of 3876 and 266169.
51
Calculate the highest common factor of 72 and 282282165.
9
What is the highest common divisor of 2862819 and 216783?
279
Calculate the highest common divisor of 2260601 and 11362.
437
What is the greatest common factor of 50687 and 38376?
13
What is the highest common factor of 102 and 11198508?
6
What is the highest common divisor of 548772 and 565410?
282
What is the greatest common divisor of 910 and 358930?
130
What is the greatest common factor of 3793846 and 280476?
742
What is the greatest common divisor of 360117 and 2439?
9
What is the highest common divisor of 25530 and 9749148?
138
What is the greatest common factor of 9070659 and 13845?
39
What is the greatest common divisor of 129455936 and 320?
64
What is the highest common factor of 147 and 331719?
3
What is the highest common factor of 11272070 and 1035?
115
Calculate the greatest common factor of 756181 and 703.
19
What is the highest common divisor of 13510 and 6987610?
70
Calculate the greatest common divisor of 128 and 31166624.
32
Calculate the highest common divisor of 721682 and 7298.
82
Calculate the greatest common factor of 57505221 and 318959.
10289
What is the greatest common divisor of 21060 and 17836?
52
Calculate the greatest common factor of 10728707 and 363.
121
What is the highest common divisor of 9953853 and 55594?
2527
Calculate the highest common factor of 146298 and 3.
3
Calculate the highest common factor of 975 and 483373475.
325
What is the highest common divisor of 2361574 and 12720?
106
What is the greatest common divisor of 853 and 9151837?
853
Calculate the greatest common divisor of 3094232527 and 2461.
2461
What is the greatest common factor of 78581 and 1917991?
439
Calculate the highest common factor of 98670 and 505245.
195
Calculate the highest common factor of 938 and 5634700.
134
What is the greatest common factor of 39683 and 11697?
7
Calculate the highest common divisor of 187647055 and 860.
215
Calculate the highest common factor of 4104303 and 147.
21
Calculate the greatest common divisor of 186 and 22977572.
62
What is the greatest common factor of 17225140 and 5595?
1865
What is the greatest common factor of 168919329 and 19?
19
Calculate the highest common factor of 12 and 10977990.
6
Calculate the highest common divisor of 1596 and 1551102.
42
What is the greatest common divisor of 864522 and 36?
18
What is the greatest common factor of 16999 and 6460154?
89
Calculate the highest common factor of 18 and 139119489.
9
Calculate the greatest common divisor of 234 and 43729842.
78
What is the highest common factor of 143759772 and 1209?
1209
What is the highest common divisor of 1894074 and 2912?
182
Calculate the greatest common factor of 6870 and 4189326.
1374
What is the highest common divisor of 3736 and 168207796?
1868
What is the greatest common factor of 117 and 430176?
3
Calculate the greatest common divisor of 3270 and 12918135.
1635
Calculate the highest common divisor of 419985 and 7452.
81
Calculate the greatest common divisor of 7532808 and 3634.
158
Calculate the greatest common factor of 472445 and 10.
5
What is the greatest common factor of 159696 and 12888?
72
Calculate the greatest common factor of 132578 and 23858.
302
Calculate the highest common divisor of 168412212 and 36.
36
Calculate the greatest common factor of 5922733 and 4891.
67
Calculate the greatest common divisor of 889203 and 135401.
161
What is the greatest common factor of 57370144 and 9152?
416
Calculate the highest common divisor of 573903 and 7344799.
5797
What is the highest common factor of 6944 and 12736164?
868
What is t